{"id":3,"date":"2020-11-23T17:03:35","date_gmt":"2020-11-23T16:03:35","guid":{"rendered":"https:\/\/pvcrobniki.si\/?page_id=3"},"modified":"2025-11-04T07:33:41","modified_gmt":"2025-11-04T06:33:41","slug":"pogoji-uporabe","status":"publish","type":"page","link":"https:\/\/www.pvcrobniki.si\/?page_id=3","title":{"rendered":"Pogoji uporabe"},"content":{"rendered":"<p>[vc_row][vc_column][vc_column_text]<\/p>\n<p><strong>1. Splo\u0161ni pogoji poslovanja<\/strong><br \/>Splo\u0161ni pogoji poslovanja spletne trgovine cvelbar.si so sestavljeni v skladu z Zakonom o varstvu potro\u0161nikov (ZVPot), s priporo\u010dili GZS in mednarodnimi kodeksi za e-poslovanje. Spletna trgovina cvelbar.si je informacijski sistem, namenjen predstavitvi in prodaji izdelkov uporabniku. Upravlja jo podjetje CVELBAR d.o.o. v nadaljevanju ponudnik. Uporabnik je oseba, ki uporablja sistem, torej kupec v spletni trgovini. Ob registraciji v spletno trgovino obiskovalec pridobi uporabni\u0161ko ime, ki je enako naslovu njegove elektronske po\u0161te in geslo. Uporabni\u0161ko ime in geslo uporabnika nedvoumno dolo\u010data in povezujeta z izpolnjenimi podatki. Po registraciji obiskovalec postane uporabnik in pridobi pravico do nakupa. Splo\u0161ni pogoji poslovanja obravnavajo delovanje spletne trgovine cvelbar.si , pravice uporabnika ter poslovni odnos med ponudnikom in kupcem.<\/p>\n\n<p><strong>2. Dostopnost informacij<\/strong><br \/>Ponudnik se zavezuje, da bo kupcu vselej zagotovil naslednje informacije: identiteto podjetja (ime in sede\u017e podjetja ter \u0161tevilko registra); kontaktne naslove (e-po\u0161ta, telefon); bistvene zna\u010dilnosti blaga oziroma storitev; dostopnost izdelkov; pogoje dostave izdelka ali izvr\u0161itve storitve (na\u010din, kraj in rok dostave); vse cene jasno in nedvoumno dolo\u010dene z razvidnostjo ali \u017ee vsebujejo davke ter stro\u0161ke dostave); na\u010din pla\u010dila in dostave; \u010dasovno veljavnost ponudbe; rok, v katerem je \u0161e mo\u017eno odstopiti od pogodbe in pogojih za odstop in pojasnjen postopek ob prito\u017ebi, vklju\u010dno z vsemi podatki o kontaktni osebi ali slu\u017ebi za stike s kupci.<\/p>\n\n<p><strong>3. Ponudba ariklov<\/strong><br \/>Navedene cene v spletni trgovini so nepreklicne do spremembe le-teh, saj se zaradi narave poslovanja preko interneta cene spreminjajo zelo pogosto. Cene so predstavljene kot Redne cene in Akcijske cene. Redne cene so ponavadi priporo\u010dene maloprodajne cene proizvajalca ali uvoznika ali cene, ki jih sam oblikuje ponudnik. Akcijska cena je cena, ki velja za nakup preko interneta v primeru takoj\u0161njega 100% pla\u010dila z gotovino.<\/p>\n\n<p><strong>4. Na\u010din pla\u010dila<\/strong><br \/>Trenutno sta mo\u017ena na\u010dina pla\u010dila pla\u010dilo na TRR (pla\u010dilo po predra\u010dunu) in pla\u010dilo po povzetju. Pri pla\u010dilu po povzetju po\u0161tnemu uslu\u017ebencu ali dostavljalcu ob prevzemu paketa izro\u010dite gotovino in po\u0161ta bo za vas opravila pla\u010dilo. OPOZORILO: Ob prevzemu po\u0161iljke vam Po\u0161ta Slovenije zara\u010dunava provizijo za odkupnino po ceniku Po\u0161te Slovenije.<\/p>\n\n<p><strong>5. Pravica odstopa od nakupa ter vra\u010dilo blaga<\/strong><br \/>Potro\u0161nik ima pravico, da v 15-ih dneh podjetju pisno sporo\u010di odstop od pogodbe, in sicer na kontakni e-naslov info@cvelbar.si . Potro\u0161nik mora nato blago vrniti podjetju v 15-ih dneh po pisnem sporo\u010dilu, s tem da sam krije neposredne stro\u0161ke vra\u010dila. Izdelki morajo biti nerabljeni in nepo\u0161kodovani. Stro\u0161ke vra\u010dila blaga krije kupec. Ponudnik vrne celotno kupnino (kupnina s stro\u0161ki dostave) takoj, ko je mogo\u010de, najkasneje pa v roku 15 dni od prejetja vrnjenega blaga, \u010de je le-to nepo\u0161kodovano, v neodprti embala\u017ei ter v nespremenjeni koli\u010dini.<\/p>\n\n<p><strong>6. Garancija<\/strong><br \/>Za izdelke v spletni trgovini veljajo garancijski pogoji v skladu s slovensko zakonodajo.<\/p>\n\n<p><strong>7. Dobavni rok in dostava<\/strong><br \/>Dobavni roki so izra\u017eeni v \u0161tevilu delovnih dni \u2013 naro\u010dila, prejeta do 15. ure na delovni dan, so dostavljena \u017ee naslednji dan. Ponudnik mora blago oziroma storitev dostaviti v obljubljenem \u010dasu, ki pa je posredno odvisen od vr\u0161ilca dostave. Za nas opravlja dostavo paketov pogodbeni partner Po\u0161ta Slovenije, predvideni rok dostave zna\u0161a 1 do 3 dni, v izrednih primerih lahko tudi dlje. V primeru, da paketa ne prejmete v 7-ih delovnih dneh, to sporo\u010dite na telefonsko ponudniku.<\/p>\n\n<p><strong>8. Stro\u0161ki dostave<\/strong><br \/>Naro\u010dilo nad 150\u20ac je brez stro\u0161kov dostave. Pri naro\u010dilu pod 150\u20ac se naro\u010dniku zara\u010dunavajo pav\u0161alni stro\u0161ki dostave v vi\u0161ini 4,80\u20ac z obra\u010dunanim 22% DDV. Pri dostavi po\u0161iljke po\u0161ta zara\u010dunava provizijo za prenos kupnine (pla\u010dilni nalog) po njihovem veljavnem ceniku: do 22,09 EUR zna\u0161a provizija 1,10 EUR, nad 22,09 do 419,89 EUR- 5,0 % od vrednosti, nad 419,89 EUR pa 21,00 EUR. Pla\u010dilu po\u0161tne provizije ve\u010djih zneskov se lahko izognete s pla\u010dilom po predra\u010dunu na na\u0161 TRR. Pri pla\u010dilu po predra\u010dunu pri dostavi Po\u0161ti NE pla\u010date ni\u010d.<\/p>\n\n<p><strong>9. Varnost<\/strong><br \/>Ponudnik uporablja ustrezna tehnolo\u0161ka in organizacijska sredstva za za\u0161\u010dito prenosa in shranjevanja osebnih podatkov, naro\u010dil ter pla\u010dil.<\/p>\n\n<p><strong>10. Pravica do zasebnosti<\/strong><br \/>Ponudnik se zavezuje k trajnemu varovanju vseh osebnih podatkov v skladu z Zakonom o varstvu osebnih podatkov. Vsi podatki, pridobljeni preko spletne strani cvelbar.si , bodo uporabljeni izklju\u010dno za po\u0161iljanje informativnega gradiva, ponudb, ra\u010dunov in ostale potrebne komunikacije. Uporabnikovi podatki v nobenem primeru ne bodo predani tretji osebi.<\/p>\n\n<p><strong>11. Komunikacija<\/strong><br \/>Reklamna elektronska sporo\u010dila morajo biti jasno in nedvoumno ozna\u010dena kot reklamna sporo\u010dila. Po\u0161iljatelj mora biti jasno razviden. \u017deljo uporabnika, da ne prejema reklamnih sporo\u010dil, bo ponudnik brezpogojno upo\u0161teval.<\/p>\n\n<p><strong>12. Odveza odgovornosti<\/strong><br \/>Ponudnik se po svojih najbolj\u0161ih mo\u017enostih trudi zagotoviti a\u017eurnost in pravilnost podatkov, ki so objavljeni na njegovih straneh. Kljub temu, pa se lahko lastnosti artiklov, njihova dobavljivost in cena spremenijo tako hitro, da ponudnik ne uspe popraviti podatkov na spletnih straneh. V takem primeru, bo ponudnik kupca obvestil o spremembah in mu omogo\u010dil preklic naro\u010dila ali zamenjavo naro\u010denega artikla. Ponudnik ne odgovarja za vsebino mnenj o artiklih, ki jih napi\u0161ejo obiskovalci. Ponudnik mnenja pred objavo pregleda in zavrne tista, ki vsebujejo o\u010ditne neresnice, so zavajajo\u010da ali \u017ealjiva. Ponudnik ne odgovarja za informacije v mnenjih in se odvezuje kakr\u0161nekoli odgovornosti, ki izvira iz informacij v mnenjih. Vse fotografije izdelkov so simboli\u010dne in ne zagotavljajo lastnosti izdelka. Za tipkarske napake ne odgovarjamo.<\/p>\n\n<p><strong>13. Prito\u017ebe in spori<\/strong><br \/>Ponudnik spo\u0161tuje veljavno zakonodajo o varstvu potro\u0161nikov in je dol\u017ean vzpostaviti u\u010dinkovit sistem obravnavanja prito\u017eb. Kupec se lahko v primeru te\u017eav obrne na ponudnika telefonsko, preko elektronske po\u0161te ali pisno na naslov podjetja. Ponudnik bo v petih delovnih dneh potrdil, da je prejel prito\u017ebo in sporo\u010dil kupcu potek nadaljnje obravnave postopka. Ponudnik se zaveda, da je bistvena zna\u010dilnost potro\u0161ni\u0161kega spora, vsaj kar zadeva sodno re\u0161evanje, njegova nesorazmernost med ekonomsko vrednostjo zahtevka in stro\u0161ki, ki nastanejo pri re\u0161evanju samega spora. To je tudi glavna ovira, da potro\u0161nik ne spro\u017ei spora pred sodi\u0161\u010dem. Zato se ponudnik prizadeva po svojih najbolj\u0161ih mo\u010deh, da se morebitni spori re\u0161ijo sporazumno.<\/p>\n\n<p><strong>14. OPOZORILA<\/strong><br \/>Mladoletnim osebam je prodaja alkoholnih pija\u010d prepovedana. Zato mora biti kupec polnoleten v \u010dasu oddaje naro\u010dila. V nasprotnem primeru ponudnik takoj odstopi od pogodbe. Ministrstvo za zdravje opozarja; prekomerno pitje alkohola \u0161koduje zdravju.<\/p>\n\n<p>&nbsp;<\/p>\n<p>[\/vc_column_text][\/vc_column][\/vc_row]<\/p>\n","protected":false},"excerpt":{"rendered":"<p>[vc_row][vc_column][vc_column_text] 1. Splo\u0161ni pogoji poslovanjaSplo\u0161ni pogoji poslovanja spletne trgovine cvelbar.si so sestavljeni v skladu z Zakonom o varstvu potro\u0161nikov (ZVPot), s priporo\u010dili GZS in mednarodnimi kodeksi za e-poslovanje. Spletna trgovina cvelbar.si je informacijski sistem, namenjen predstavitvi in prodaji izdelkov uporabniku. Upravlja jo podjetje CVELBAR d.o.o. v nadaljevanju ponudnik. Uporabnik je oseba, ki uporablja sistem, torej&hellip;<\/p>\n","protected":false},"author":1,"featured_media":0,"parent":0,"menu_order":0,"comment_status":"closed","ping_status":"closed","template":"","meta":[],"_links":{"self":[{"href":"https:\/\/www.pvcrobniki.si\/index.php?rest_route=\/wp\/v2\/pages\/3"}],"collection":[{"href":"https:\/\/www.pvcrobniki.si\/index.php?rest_route=\/wp\/v2\/pages"}],"about":[{"href":"https:\/\/www.pvcrobniki.si\/index.php?rest_route=\/wp\/v2\/types\/page"}],"author":[{"embeddable":true,"href":"https:\/\/www.pvcrobniki.si\/index.php?rest_route=\/wp\/v2\/users\/1"}],"replies":[{"embeddable":true,"href":"https:\/\/www.pvcrobniki.si\/index.php?rest_route=%2Fwp%2Fv2%2Fcomments&post=3"}],"version-history":[{"count":6,"href":"https:\/\/www.pvcrobniki.si\/index.php?rest_route=\/wp\/v2\/pages\/3\/revisions"}],"predecessor-version":[{"id":57611,"href":"https:\/\/www.pvcrobniki.si\/index.php?rest_route=\/wp\/v2\/pages\/3\/revisions\/57611"}],"wp:attachment":[{"href":"https:\/\/www.pvcrobniki.si\/index.php?rest_route=%2Fwp%2Fv2%2Fmedia&parent=3"}],"curies":[{"name":"wp","href":"https:\/\/api.w.org\/{rel}","templated":true}]}}